9595?
False
Does 58 divide 43759492?
True
Is 36 a factor of 1160476164?
True
Is 5 a factor of 45619250?
True
Is 67380546 a multiple of 62?
True
Does 628 divide 2060087951?
False
Is 2412675439 a multiple of 68?
False
Is 29 a factor of 161293882?
True
Is 45688764 a multiple of 23?
True
Is 1061942475 a multiple of 26?
False
Is 20 a factor of 56078912?
False
Is 11887659 a multiple of 43?
False
Does 3664 divide 26857120?
True
Is 509327392 a multiple of 16?
True
Is 15 a factor of 5564010?
True
Is 125884668 a multiple of 156?
True
Is 633832044 a multiple of 166?
False
Is 8 a factor of 14867952?
True
Is 6887595 a multiple of 143?
True
Does 1067 divide 50266202?
False
Is 4567 a factor of 736882209?
False
Does 80 divide 8065200?
True
Is 57231467 a multiple of 3502?
False
Does 5 divide 86065?
True
Is 378417 a multiple of 3?
True
Does 322 divide 229038125?
False
Is 239 a factor of 195073473?
True
Does 6 divide 2071164?
True
Does 107 divide 35364353?
False
Is 25204990 a multiple of 115?
False
Is 12 a factor of 64014775?
False
Is 137681364 a multiple of 19?
False
Is 383562842 a multiple of 19?
True
Is 199166869 a multiple of 245?
False
Does 28 divide 135114308?
True
Is 129535352 a multiple of 194?
True
Does 3371 divide 1919659231?
False
Is 21213444 a multiple of 2082?
False
Is 40765253 a multiple of 20?
False
Does 52 divide 86664731?
False
Is 10 a factor of 426873350?
True
Does 14 divide 1354857532?
True
Does 10 divide 755245788?
False
Does 4 divide 37703452?
True
Is 728209500 a multiple of 3778?
True
Is 126 a factor of 40845704?
False
Is 44 a factor of 101082059?
False
Is 11 a factor of 48867506?
False
Does 36 divide 462084768?
True
Is 205 a factor of 23914480?
True
Does 17 divide 96026166?
True
Is 108 a factor of 10971720?
True
Does 18 divide 31320126?
True
Does 16 divide 57910474?
False
Does 3322 divide 4515239093?
False
Is 12 a factor of 4007413?
False
Is 32091215 a multiple of 20?
False
Is 404467411 a multiple of 1162?
False
Does 40 divide 119338965?
False
Does 36 divide 1736764?
False
Does 61 divide 58382673?
True
Is 1698 a factor of 72064818?
True
Is 2829 a factor of 220758186?
True
Is 50 a factor of 469194530?
False
Does 802 divide 181085184?
True
Does 72 divide 1271197368?
True
Is 47063937 a multiple of 151?
False
Does 164 divide 348710084?
True
Is 81754492 a multiple of 779?
True
Is 204909675 a multiple of 183?
True
Is 8877668 a multiple of 7?
False
Does 28 divide 201051390?
False
Is 16 a factor of 36901861?
False
Does 73 divide 1681425498?
True
Is 89 a factor of 58249486?
False
Is 19623831 a multiple of 118?
False
Is 214824800 a multiple of 50?
True
Is 3 a factor of 140400230?
False
Does 230 divide 909164280?
False
Is 55110528 a multiple of 128?
True
Does 42 divide 102339740?
False
Does 56 divide 752544301?
False
Is 651952273 a multiple of 32?
False
Is 393176993 a multiple of 314?
False
Does 23 divide 260684691?
True
Is 274176849 a multiple of 57?
False
Does 39 divide 108652128?
True
Is 3794048 a multiple of 190?
False
Is 102 a factor of 2607275040?
True
Is 24 a factor of 237668?
False
Is 7 a factor of 56449949?
False
Is 22 a factor of 106451202?
True
Is 1336642 a multiple of 17?
True
Is 20 a factor of 202885460?
True
Does 1050 divide 219679343?
False
Does 790 divide 178531796?
False
Is 1458392484 a multiple of 134?
True
Does 17 divide 13548252?
True
Is 2632991 a multiple of 433?
False
Is 16980238 a multiple of 218?
True
Is 1332811763 a multiple of 7502?
False
Is 13 a factor of 369929782?
False
Is 2779690 a multiple of 190?
False
Is 227136525 a multiple of 275?
True
Is 31 a factor of 4999400550?
False
Is 340 a factor of 1833166957?
False
Is 491 a factor of 460278383?
False
Is 88 a factor of 332070616?
False
Is 98336160 a multiple of 351?
True
Does 7 divide 485934734?
False
Does 28 divide 33643602?
False
Does 2455 divide 453974065?
False
Is 519 a factor of 36936554?
False
Does 72 divide 85694540?
False
Is 27 a factor of 7802075?
False
Does 490 divide 33170553?
False
Is 74 a factor of 1520280328?
False
Is 28977523 a multiple of 18?
False
Is 6172677 a multiple of 147?
True
Does 40 divide 872694490?
False
Is 1916 a factor of 617896588?
True
Is 19 a factor of 1964317080?
False
Is 84 a factor of 25999163?
False
Is 4825 a factor of 1268587583?
False
Is 26985618 a multiple of 657?
True
Is 75 a factor of 512887275?
True
Does 15 divide 3725512?
False
Is 31 a factor of 759768863?
True
Is 503 a factor of 99361111?
True
Is 3 a factor of 4869259?
False
Is 39631960 a multiple of 20?
True
Does 1672 divide 650220462?
False
Is 607304885 a multiple of 126?
False
Does 4748 divide 5021204061?
False
Is 58675950 a multiple of 90?
True
Is 13 a factor of 27795471?
False
Is 444 a factor of 1937660241?
False
Does 2 divide 3368320?
True
Is 2630127037 a multiple of 2481?
False
Does 10406 divide 2872820812?
False
Does 3 divide 3644355?
True
Is 186622140 a multiple of 12?
True
Is 101 a factor of 514040850?
False
Is 478 a factor of 211768738?
False
Is 1574628060 a multiple of 1942?
False
Is 313 a factor of 57629639?
False
Does 11 divide 1846310938?
False
Is 854 a factor of 9446576?
False
Is 169 a factor of 222121233?
False
Is 79954525 a multiple of 132?
False
Is 326126177 a multiple of 351?
False
Is 15 a factor of 288275141?
False
Is 923 a factor of 67583906?
True
Is 110 a factor of 138883360?
True
Is 47748810 a multiple of 677?
True
Is 2294 a factor of 1392862613?
False
Is 484458805 a multiple of 105?
False
Is 96 a factor of 48491619?
False
Is 234911772 a multiple of 4308?
False
Does 746 divide 12932656?
True
Does 478 divide 48865672?
False
Is 39 a factor of 243752094?
False
Does 931 divide 1540805?
True
Does 67 divide 662656934?
True
Is 48114954 a multiple of 2421?
True
Is 13682750 a multiple of 3?
False
Does 78 divide 2437110?
True
Is 4 a factor of 51544587?
False
Is 32 a factor of 1234040696?
False
Is 936 a factor of 188513681?
False
Is 16 a factor of 131161312?
True
Is 33498481 a multiple of 34?
False
Is 75 a factor of 71256375?
True
Is 4133 a factor of 161676932?
False
Does 7 divide 48172239?
False
Is 6646463 a multiple of 577?
True
Is 4591789 a multiple of 181?
True
Is 2013192257 a multiple of 10745?
False
Is 44486715 a multiple of 105?
True
Does 29 divide 193234411?
False
Does 100 divide 783581?
False
Is 131748969 a multiple of 99?
False
Is 140 a factor of 3454893?
False
Is 42941141 a multiple of 65?
False
Does 30 divide 430920?
True
Does 32 divide 533436305?
False
Is 65 a factor of 148385162?
False
Is 2 a factor of 10502540?
True
Is 10111994 a multiple of 15?
False
Is 36 a factor of 32557327?
False
Is 317716536 a multiple of 5?
False
Is 105 a factor of 412759095?
True
Is 32101135 a multiple of 165?
False
Is 293 a factor of 49120278?
True
Does 42 divide 3608154186?
True
Does 10 divide 1009569793?
False
Is 51965760 a multiple of 60?
True
Is 2588511968 a multiple of 4064?
True
Is 13403851 a multiple of 79?
True
Is 35993600 a multiple of 2432?
True
Is 7 a factor of 2133223092?
True
Is 14755184 a multiple of 68?
True
Is 3227404040 a multiple of 10840?
True
Is 1458471572 a multiple of 4827?
False
Is 63485806 a multiple of 386?
True
Does 15 divide 42625392?
False
Is 248720022 a multiple of 369?
True
Is 92160698 a multiple of 44?
False
Is 1903 a factor of 39896395?
True
Is 1010 a factor of 14160200?
True
Is 31874826 a multiple of 34?
False
Does 632 divide 245926368?
True
Does 100 divide 2662397800?
True
Is 100 a factor of 227985497?
False
Is 1948046430 a multiple of 9129?
False
Is 39 a factor of 2049255?
True
Does 311 divide 2595247608?
False
Is 8657614 a multiple of 322?
True
Is 63845081 a multiple of 1819?
True
Is 397 a factor of 1142065249?
False
Does 17 divide 12736574?
False
Does 26 divide 3473704?
True
Does 492 divide 60479179?
False
Is 18 a factor of 52387209?
False
Is 13 a factor of 148512871?
True
Does 6420 divide 665729931?
False
Is 6067886 a multiple of 2194?
False
Is 1758 a factor of 564753462?
False
Is 198 a factor of 149876694?
True
Is 284 a factor of 27206622?
False
Is 99982493 a multiple of 13?
True
Is 272 a factor of 91927296?
True
Is 311422818 a multiple of 67?
False
Does 99 divide 435445711?
False
Does 69 divide 476854?
False
Is 14 a factor of 44390148?
False
Is 732577455 a multiple of 15?
True
Is 34 a factor of 100690940?
False
Is 266150938 a multiple 